Let q(v) = -9*v + 24. Determine q(-5).
69
Let i(r) = -r**3 - 16*r**2 + 2*r + 34. Give i(-16).
2
Let g(j) = -2*j**3 + 26*j**2 + 4. Determine g(13).
4
Let c(s) = s**3 + 9*s**2 + 11*s - 15. Give c(-7).
6
Let v(s) = s - 4. Give v(6).
2
Let g(n) = -n**2 + n. What is g(3)?
-6
Let r(s) = -s**2 + 4*s + 16. Determine r(8).
-16
Let x(k) = -2*k**2 - k - 1. What is x(-1)?
-2
Let k(l) = -3*l - 22. Give k(-5).
-7
Let j(c) = c**2 + 9*c + 15. What is j(-6)?
-3
Let f(t) = t**3 + 9*t**2 + t + 9. Calculate f(-10).
-101
Let t(s) = -48*s - 777. What is t(-16)?
-9
Let n(f) = 2*f**3 + 11*f**2 - 3*f - 34. Give n(-5).
6
Let s(l) = -8*l + 18. Calculate s(-8).
82
Let f(q) = -5*q**3 - 2*q**2 - 2*q - 3. Give f(-2).
33
Let n(t) = -5*t - 4. What is n(-2)?
6
Let k(b) = b**3 - 6*b**2 + 3*b + 7. Determine k(4).
-13
Let g(w) = w**3 + 12*w**2 - 8*w - 18. Determine g(-12).
78
Let o(p) = -p**2 - 18*p - 22. Give o(-21).
-85
Let g(s) = -28*s**2 - 1. What is g(-1)?
-29
Let u(a) = 6*a + 8. Calculate u(-6).
-28
Let d(l) = 5*l - 36. Give d(14).
34
Let z(g) = -3*g**2 - 2*g - 2. Give z(-1).
-3
Let b(j) = 7*j**3 + 4*j**2 + j + 3. What is b(-2)?
-39
Let b(i) = 18*i**2 + i + 1. Determine b(1).
20
Let p(k) = k**3 + 7*k**2 + 3*k - 18. Calculate p(-6).
0
Let m(z) = -z**2 - 14*z - 1. Give m(-9).
44
Let z(y) = 5*y + 2. What is z(-3)?
-13
Let i(v) = v**3 - 3*v**2 - 2*v + 3. Give i(4).
11
Let j(c) = -4*c. Calculate j(-2).
8
Let i(c) = -4*c + 15. Determine i(-5).
35
Let i(w) = -5*w**2 - 1. Give i(1).
-6
Let m(c) = 3*c + 42. Give m(-6).
24
Let k(h) = 11*h + 59. Determine k(-8).
-29
Let g(c) = -7*c**2 - 5*c + 5. What is g(-2)?
-13
Let q(j) = 16*j**2 + 20*j + 5. Determine q(-4).
181
Let o(k) = k**3 - 17*k - 18. Give o(-3).
6
Let i(d) = -d**2 - d - 12. Calculate i(0).
-12
Let f(p) = -10*p + 68. Determine f(7).
-2
Let b(h) = -h**2 - 23*h - 74. What is b(-21)?
-32
Let f(h) = -37*h**3 - 1. Determine f(1).
-38
Let d(v) = -v**2 + 13*v - 46. Give d(10).
-16
Let t(o) = 5*o - 11. Give t(8).
29
Let f(u) = u**2 - 16. What is f(-4)?
0
Let a(h) = 3*h + 27. Give a(-10).
-3
Let c(w) = -w**2 - 2*w + 17. Calculate c(-6).
-7
Let h(n) = n. Calculate h(-9).
-9
Let x(z) = 21*z + 201. Calculate x(-8).
33
Let j(r) = -r**3 - 8*r**2 - 15*r - 5. Give j(-6).
13
Let s(c) = c**3 + 9*c**2 - 10*c + 1. Give s(-10).
1
Let s(g) = -g**2 - 10*g - 8. Give s(-9).
1
Let h(d) = d**2 + 18*d + 24. What is h(-17)?
7
Let y(s) = -s**3 + 18*s**2 - 2*s + 37. Calculate y(18).
1
Let k(q) = 5*q + 26. What is k(6)?
56
Let c(i) = -i**2 + i + 2. Calculate c(2).
0
Let m(h) = 12*h + 108. What is m(-10)?
-12
Let d(c) = -2*c**3 + 22*c**2 + 25*c - 22. Give d(12).
-10
Let j(y) = -y**2 + y + 3. Give j(4).
-9
Let p(h) = 9*h - 166. Calculate p(0).
-166
Let m(y) = -y**2 + 3*y + 8. Give m(7).
-20
Let o(b) = b**2 - 6*b + 8. Calculate o(3).
-1
Let a(s) = -s + 55. What is a(8)?
47
Let r(c) = 23*c + 2. What is r(0)?
2
Let c(i) = -i**2 + 5*i + 4. Determine c(-3).
-20
Let o(i) = -3*i**2 + 44*i - 15. Give o(15).
-30
Let j(l) = -8*l + 53. Calculate j(7).
-3
Let b(r) = r**2 - 2*r - 139. Calculate b(-11).
4
Let n(h) = -h**3 + 4*h**2 + h - 4. Give n(3).
8
Let m(w) = -w**3 + 12*w**2 - 3*w + 9. Give m(12).
-27
Let k(m) = -38*m - 1. Calculate k(0).
-1
Let i(b) = b**3 - 7*b**2 + 8. Calculate i(7).
8
Let q(x) = -10*x. What is q(-1)?
10
Let z(l) = -l**2 - l + 22. Determine z(-7).
-20
Let f(v) = -2*v**2 + 30*v - 92. Determine f(11).
-4
Let r(m) = m**2 + 17*m + 72. Give r(-10).
2
Let q(j) = -8*j + 12. Determine q(-8).
76
Let g(l) = 21*l - 272. Calculate g(13).
1
Let l(b) = -2*b - 56. Calculate l(-19).
-18
Let x(n) = -20*n + 43. What is x(2)?
3
Let h(d) = -4*d. Give h(-2).
8
Let t(p) = -p**2 - 12*p - 2. What is t(-11)?
9
Let k(y) = -y**2 + 7*y - 8. Calculate k(10).
-38
Let q(f) = -f**3 + 6*f**2 + 2*f - 1. Determine q(6).
11
Let s(f) = -f**3 + 45*f**2 + 44*f + 103. Give s(46).
11
Let c(x) = -x**3 - 13*x**2 - 21*x - 59. Give c(-11).
-70
Let z(k) = 19*k + 13. Give z(-2).
-25
Let k(i) = -i**3 - 7*i**2 + 8*i + 3. Calculate k(-8).
3
Let y(t) = -10*t + 350. Determine y(35).
0
Let u(r) = 4*r**2 - 3*r - 2. Calculate u(2).
8
Let s(o) = o**2 - 8*o - 9. What is s(7)?
-16
Let j(i) = 2*i**2 + i - 4. Calculate j(-5).
41
Let u(x) = -x**3 + 7*x**2 + x - 12. Determine u(7).
-5
Let p(u) = 11*u + 86. Determine p(-8).
-2
Let i(t) = -19*t - 1. Determine i(1).
-20
Let j(x) = -x**2 + 9*x + 2. Give j(10).
-8
Let p(c) = 2*c + 5. Give p(-6).
-7
Let d(c) = c**3 + 4*c**2 - 6*c + 3. Calculate d(-5).
8
Let s(y) = y**2 - 32*y + 205. Determine s(10).
-15
Let z(u) = u**3 + 5*u**2 + 6*u + 14. Give z(-4).
6
Let n(b) = -103*b**2. What is n(-1)?
-103
Let z(k) = k**2 + 8*k + 14. Give z(-4).
-2
Let p(g) = -166*g - 656. Determine p(-4).
8
Let u(z) = -z**3 - 14*z**2 - 11*z - 13. Determine u(-14).
141
Let v(u) = -2*u - 5. Give v(-4).
3
Let g(j) = 8*j**2 - 5*j - 5. Determine g(-1).
8
Let a(y) = y**2 + 21*y + 25. Give a(-20).
5
Let p(h) = h**3 + 11*h**2 + 6*h - 14. Give p(-11).
-80
Let q(s) = -44*s + 127. Calculate q(3).
-5
Let p(o) = o**2 + 10*o - 19. Calculate p(-11).
-8
Let d(l) = 3*l**2 - 49*l + 57. What is d(15)?
-3
Let p(l) = 40*l + 8. Determine p(-2).
-72
Let h(p) = -3*p**2 - 5*p + 3. Give h(-5).
-47
Let f(z) = 3*z - 15. Give f(3).
-6
Let q(p) = 3*p**2 + 61*p + 20. What is q(-20)?
0
Let l(r) = r**3 - 20*r**2 - 72*r + 80. Determine l(23).
11
Let x(t) = -t**3 - 10*t**2 - 15*t - 1. Give x(-8).
-9
Let d(t) = t**2 + 30. Determine d(0).
30
Let p(v) = v**3 + 2*v**2 + 12. What is p(-3)?
3
Let z(b) = -b + 11. Determine z(5).
6
Let k(v) = -16*v**2 + 1. Calculate k(1).
-15
Let o(n) = 13*n**3 + 16*n - 17. Calculate o(1).
12
Let k(t) = -t**3 + 8*t**2 + 8*t - 1. Determine k(8).
63
Let f(z) = 18*z - 41. Calculate f(2).
-5
Let s(q) = -q**3 - 9*q**2 + q + 6. Calculate s(-9).
-3
Let o(s) = 3*s**3 - 2*s**2 - 6*s + 19. Give o(3).
64
Let r(p) = p**2 - 5*p - 11. Determine r(6).
-5
Let h(s) = -s**2 - 38*s - 146. Determine h(-33).
19
Let k(g) = g**3 + 2*g - 1. Give k(2).
11
Let z(d) = -2*d**3 + 24*d**2 - 22*d + 6. What is z(11)?
6
Let z(p) = -p**3 + 6*p**2 + 3. What is z(6)?
3
Let u(x) = -27*x + 65. Determine u(3).
-16
Let d(y) = -y**2 + 2*y + 50. Determine d(8).
2
Let n(f) = 8*f**2 - f - 20. Determine n(5).
175
Let q(z) = -z**3 - 13*z**2 - 2*z - 7. Calculate q(-13).
19
Let y(m) = 3*m - 15. Determine y(10).
15
Let l(s) = -11*s + 25. What is l(3)?
-8
Let u(o) = -o**3 + 8*o**2 - o - 23. Calculate u(7).
19
Let r(j) = j**2 - 24*j - 4. Give r(24).
-4
Let g(n) = -2*n + 5. Determine g(0).
5
Let p(c) = -c**3 + 8*c**2 - 8*c - 6. Determine p(7).
-13
Let a(f) = 2*f**2 - 10*f - 9. What is a(-6)?
123
Let u(n) = n**2 - 6*n. Calculate u(8).
16
Let p(h) = -2*h**2 + 3*h + 1. What is p(-2)?
-13
Let y(l) = 42*l**3 - 2*l**2 + 2*l - 1. Give y(1).
41
Let i(p) = p**3 + 9*p**2 - 6*p - 107. Calculate i(-8).
5
Let s(a) = -a**3 + 9*a**2 - 16*a + 5. Give s(7).
-9
Let r(q) = -6*q - 22. Give r(-4).
2
Let h(l) = -2*l**2 + 51*l + 15. Determine h(26).
-11
Let t(q) = -4*q + 140. What is t(19)?
64
Let p(z) = -122*z - 706. Determine p(-6).
26
Let m(t) = -t - 21. What is m(-20)?
-1
Let m(j) = 2*j - 1. Calculate m(1).
1
Let u(m) = -2*m**2 + 25*m - 27. What is u(12)?
-15
Let i(w) = 2*w**2 + 24*w - 9. Determine i(-12).
-9
Let h(i) = -3*i**2 + 94*i + 59. Give h(32).
-5
Let i(h) = -h**2 - 5*h + 1. What is i(-7)?
-13
Let r(x) = x**2 - 29*x + 140. What is r(23)?
2
Let u(r) = -r**3 + 32*r**2 - 28. Calculate u(32).
-28
Let g(n) = -n**2 + 3*n + 16. What is g(7)?
-12
Let q(l) = l**2 - 2*l - 49. Give q(9).
14
Let a(c) = c**3 - 6*c**2 - 2*c + 3. Calculate a(4).
-37
Let w(j) = -j**3 + 10*j**2 + 3*j - 4. Give w(10).
26
Let x(w) = -w + 27. Give x(23).
4
Let q(r) = r + 61. What is q(-18)?
43
Let b(n) = -10*n**3 - 3*n**2 + 6*n - 4. Give b(1).
-11
Let q(w) = 7*w - 62. Determine q(7).
-13
Let c(x) = -66*x - 1977. Give c(-30).
3
Let h(a) = a**3 + 31*a**2 + a + 45. Calculate h(-31).
14
Let q(x) = 2*x**3 - 3*x - 1. Give q(-2).
-11
Let q(v) = -v**3 - v**2 + 12*v + 4. Determine q(-4).
4
Let s(x) = x**3 - 7*x**2 + 13*x - 10. Determine s(5).
5
Let v(w) = -4*w**2 + 38*w + 178. Calculate v(13).
-4
Let a(o) = o**2 - 10*o - 2. Calculate a(7).
-23
Let n(s) = -s**3 + 15*s**2 + 19*s - 16. Calculate n(16).
32
Let n(x) = 4*x + 2. What is n(-1)?
-2
Let s(y) = y**2 + 5*y - 11. What is s(-5)?
-11
Let y(t) = -t**3 -